 = 4*j - 5. Suppose -j*g + 3*d + 27 = 2*d, d + 9 = g. Let q(x) = 13 + 18 + 23 + 11 - 71 + 2*x. What is q(g)?
6
Let q(b) be the second derivative of -b**5/20 + 7*b**4/12 - 3*b**3/2 + 6*b - 43. Let w be -1*(-7 - 1*-1). Calculate q(w).
-18
Let t be -3 - -6 - (-3 + 1). Let j(n) = -5*n - 1 + 5*n**2 + t*n. Let y be (-2 - (-5)/3)*(57 + -60). Give j(y).
4
Let y(l) = -3 + 1230*l**2 - 4*l + 0 - 1229*l**2. What is y(6)?
9
Let l(b) = -11*b + 59. Let q be l(6). Let s(g) = g + 11. Determine s(q).
4
Suppose 5*q + 6*o = 10*o - 10, 5*q + 4*o = -10. Let r(n) be the third derivative of -n**5/60 - n**4/4 - n**3/2 + n**2. Give r(q).
5
Let q = -122 + 119. Let i(p) = -5*p**3 - 4*p**2 + 21*p - 21. Let y(a) = -a**3 - a**2 + 4*a - 4. Let o(f) = 2*i(f) - 11*y(f). Determine o(q).
8
Suppose 5*q - h - 3*h = 24, -5*h - 5 = 0. Let i(u) = 4*u - 1. Give i(q).
15
Let l(z) be the first derivative of -3*z**2/2 - 13*z + 73. Determine l(-6).
5
Let x(l) = -5*l - 5. Let h(v) = -15*v - 14. Let i(b) = 4*h(b) - 11*x(b). Determine i(-3).
14
Suppose 3*k + 3*s + 15 = 0, -4*s = 5*k - 0*s + 22. Let d(x) = -2*x**2 - x + 1. Calculate d(k).
-5
Let l(p) = -5*p**2 + 13*p + 13. Let u(h) = 4*h**2 - 12*h - 12. Let m(q) = 5*l(q) + 6*u(q). Give m(-7).
-7
Let w(d) = -d**3 + 11*d**2 + 11*d + 6. Let l be w(12). Let s(h) = -7 + 89*h**3 - 43*h**3 - 6*h + 5*h**2 - 45*h**3. Calculate s(l).
-7
Let t(j) = -j**3 + 5*j**2 - 4*j + 1. Let w(f) = -27*f + 136. Let v(g) = 13*g - 68. Let q(c) = 9*v(c) + 4*w(c). Let n be q(8). What is t(n)?
1
Let m(t) = -t**2 + 8*t - 6. Let y be (2 - 3)/(12/(-16) - -1). Let k = 9 + y. What is m(k)?
9
Suppose 4*f = 5*f - 5. Let m be (66/4)/((-3)/(-6)). Let o(h) = 34*h**3 - 6*h**2 + 10*h + 0 - m*h**3 - 1 - 5*h. Determine o(f).
-1
Suppose 0 = 5*u - 396 + 81. Let a be u/7 - (-12)/3. Let n(z) = z + 13 - a. What is n(-6)?
-6
Let v be 6/(-2)*(-2)/6. Let y(g) be the second derivative of 1/2*g**2 - 1/2*g**3 - 24*g + 0. Calculate y(v).
-2
Let q(i) = -i**2 + 43. Let a be q(-6). Let y(v) = -v**3 + 8*v**2 - 6*v + 1. Calculate y(a).
8
Let v(d) = 28*d**2 - 16*d - 10 + 32*d**2 + 27*d**2 - 112*d**2 + d**3 + 30*d**2. Calculate v(-7).
4
Let u(j) = -j**3 + 2*j**2 + 2*j - 4. Suppose 2*f - 5*p = 4, 2*p - 5*p = 3*f + 15. Calculate u(f).
35
Let l = 2018 + -2010. Let u(k) = 2*k - 12. Calculate u(l).
4
Let k(t) be the first derivative of 2*t**2 - t - 12. Suppose 5*x + 0*x = -z, -z - 5 = 0. Calculate k(x).
3
Let d(t) = -65 + 37 + 33 - t**2 - 4*t. Let o(x) be the second derivative of -x**3 + x. Let i be o(1). Determine d(i).
-7
Let i be (-2)/(-5) + (-108)/(-30). Let j be i/(-14) - (-120)/(-70). Let k(h) = -h**3 - 4*h**2 - 4*h - 3. What is k(j)?
-3
Let m(q) = -q**3 + 6*q - 2 - 2*q**3 - 20*q**2 + 14*q**2. Let a(v) = -4*v**3 - 6*v**2 + 6*v - 3. Let g(n) = 2*a(n) - 3*m(n). Calculate g(-7).
-7
Suppose u - 3*z = 5*u + 127, z = -2*u - 63. Let m = 36 + u. Let v(t) = 2 + 7*t + 3*t - 4*t - m*t. Give v(-7).
-5
Let n(h) = 195*h**3 - 8*h**2 - 196*h**3 + 2*h**2 + 4 - 3*h. Let l(j) = 5*j**3 - j - 1. Let g be l(-1). Give n(g).
-6
Let x(m) = -m**3 - 2*m**2 - 3*m - 2. Suppose -r - 10 = 4*i, -5*i = 8 + 2. Determine x(r).
4
Let a(k) = -11*k + 12. Let w(g) = -4*g + 3. Let x(b) = 3*a(b) - 8*w(b). Determine x(8).
4
Suppose -7 = -g - 1. Let c(a) = a**3 + 2*a**2 - 5*a - 4. Let p be c(-3). Let s(i) = -4 + 3*i**p - 6*i - 2*i**2 + 4. What is s(g)?
0
Let n = -32 - -36. Let z(t) = t - 4. Let m(b) = -2*b + 7. Let s be 1/(-1) - 10/(-2). Let c(j) = s*m(j) + 7*z(j). Give c(n).
-4
Let t(d) be the third derivative of d**2 + 0*d - 1/3*d**3 - 1/8*d**4 + 0. Let c = -8 - -5. Determine t(c).
7
Let s(a) be the second derivative of -a**5/20 + a**4/3 - a**3/6 - 5*a**2/2 + 256*a. Give s(4).
-9
Let x(c) = -2*c**2 - 2*c + 4. Let i(d) be the third derivative of -d**5/30 - d**4/12 + 2*d**3/3 + 15*d**2. Let q(g) = 3*i(g) - 2*x(g). What is q(-3)?
-8
Let g(j) = -7 + 41 - 50 + j. Determine g(8).
-8
Let z = 2 - 3. Let i(x) = -16*x**3 - 3*x + 8. Let o(a) = a**3 + a - 3. Let d(u) = i(u) + 3*o(u). Give d(z).
12
Suppose -3*k = -k + 10. Suppose 6*b - 6 = 3*b. Let s(o) = -4*o**2 + 3 - 3*o + 3*o**b + 0 - 2*o. Determine s(k).
3
Let k(t) be the first derivative of -13 + 1/3*t**3 - 2*t**2 - t. Suppose -1 + 11 = 2*m. What is k(m)?
4
Let g(h) be the second derivative of 1/3*h**4 + 0 - 1/20*h**5 + 1/2*h**2 - 4*h + 1/3*h**3. Calculate g(4).
9
Let w(z) = -7*z**2 - z + 31. Let m(t) = -4*t**2 - t + 17. Let c(j) = 5*m(j) - 3*w(j). Determine c(0).
-8
Suppose 27*n = 24*n + 15. Suppose -4*y + 8 + 6 = 3*g, -n*y + 25 = 0. Let d(b) be the second derivative of -b**4/3 - 2*b**3/3 - b**2 + b. Calculate d(g).
-10
Let h(m) = m**3 + 5*m**2 - 6*m + 4. Let s(o) = o**3 + 3*o**2 - 5*o. Let q be s(-4). Let n = 1 + q. Let c(w) = -2*w + 4. Let j be c(n). Give h(j).
4
Let i(a) = -a - 6. Let z be i(-8). Let h be 2/z*(-18)/6. Let m(r) = 0*r + 3*r + r. Give m(h).
-12
Let c(y) = y + 4. Let u be 15 - 8/(-12)*(-1 + 4). Suppose -7*z + 2*z + 5*r = 15, u = -3*z - r. What is c(z)?
-1
Let k(u) = -u**2 + 6*u - 1. Let p be (-2)/(0 - -2) + -4. Let g = 87 - 89. Let c be (-4)/p*(-15)/g. Determine k(c).
-1
Let p(u) be the third derivative of u**5/20 + u**4/24 - 3*u**2. Let z(x) = 26*x + 49. Let a be z(-2). Give p(a).
24
Suppose -4*u + 13 = 1. Let n(w) = 5*w + 6. Let d(p) = -2*p - 3. Let a(o) = u*n(o) + 7*d(o). Let q(j) = -j**2 + 14*j + 72. Let z be q(18). Give a(z).
-3
Suppose 2*o = 2*l - 6*l + 16, -4*o - 3*l = -12. Let s(x) = -x - 4 - 3 + 0*x + o*x. Let z be (36/(-3))/(-2)*(-15 - -14). What is s(z)?
-1
Let v(h) = 3*h - 4*h - 10 + 0*h + 5*h + h. Calculate v(10).
40
Let b(c) = c**2 - 8*c + 1. Let q(g) = 0 + 2 - 2 - 1. Let j(u) = -b(u) + 3*q(u). Give j(7).
3
Suppose 3*s - 3*l = -9, -s = l - 1 - 0. Let w(m) be the third derivative of -m**6/24 - m**5/30 - m**4/24 - 12*m**2. What is w(s)?
4
Let t(i) = -2 + 3*i**2 - 2*i**2 - 1 - 4*i. Let k(m) be the second derivative of 7*m**3/6 + 20*m**2 + 12*m. Let a be k(-5). Calculate t(a).
2
Let i(u) = -u**2 + 11*u + 15. Let x be i(11). Suppose -3*b = -0 + x. Let r(h) = h**2 + 5*h - 6. Give r(b).
-6
Let c(w) = -5*w**3 + 3*w**2 - 8*w. Let z(u) = -4*u**3 + 3*u**2 - 7*u. Let b(g) = -5*c(g) + 6*z(g). Suppose 2*f = -0 - 4. Let k be f*1/2*3. Calculate b(k).
6
Suppose -16*a - 642 = -674. Let w(z) = z - 7. Determine w(a).
-5
Let a(i) be the second derivative of i**3/6 + 21*i**2/2 - 7*i. Let s(m) = 4. Let c(j) = -2*a(j) + 11*s(j). Calculate c(5).
-8
Suppose 9*z - 2 = 7*z. Let f(d) = 0*d + d - d + 7*d**3 - z - d**2 - d. Calculate f(-1).
-8
Suppose -5 = d, 0*j + 4*d + 72 = 4*j. Suppose 16*h - j = -93. Let x(w) = w**2 + 2*w - 7. Give x(h).
8
Let j(i) = i**2 + 7*i + 1. Let n(d) be the first derivative of -d**2 - 3*d - 2. Let z be n(-3). Suppose z*b + 14 = -4. What is j(b)?
-5
Let l be -8 - (-6 + 4 + 2). Let s(c) = c**3 + 8*c**2 + 3*c + 19. Determine s(l).
-5
Let o(z) be the third derivative of -z**6/30 + z**5/60 + z**4/24 + z**2. Let v be (-170)/(-6) - (22/(-6) - -4). Let d = -29 + v. Calculate o(d).
4
Let w(v) = -v**3 + 10*v**2 - 8*v - 6. Let g = -117 - -126. Determine w(g).
3
Let v(u) = 5*u. Let f(q) = -35*q. Let t(y) = -4*f(y) - 30*v(y). Give t(-2).
20
Suppose 2*t + 4 = d, -d + 5*t - 2*t + 5 = 0. Let f(h) = -h - 2 + 1 + 2*h**d - h**3 + 4*h**2 + 0*h**2. Calculate f(6).
-7
Suppose 5*r + 15 = -0. Let o(c) be the third derivative of -c**6/120 - c**5/30 + c**4/8 - 2*c**3/3 - 469*c**2. Calculate o(r).
-4
Let b(y) = -20*y**2 - 5*y**2 + 9*y**2 - 6 - y**3 - 3*y**2. Determine b(-19).
-6
Let q = 86 + -83. Suppose -4*s - 11 = -q*s - 3*i, 3*i = -3*s + 15. Let y(w) = 10*w**2 + 1. What is y(s)?
11
Let z(o) be the second derivative of o**3/6 - 5*o**2/2 + 10816*o. Suppose -s + 6 = -1. Determine z(s).
2
Suppose x + 2*b + 22 = 5*x, 0 = 4*x - 4*b - 24. Suppose -3*i - 6 = -x*o, 0 = i + 5*o - 22 + 4. Let p(q) = -3*q - 3. What is p(i)?
-12
Let t(j) = 2*j - 3. Let v be t(4). Let n(m) = 2*m + 8. Let p be n(-3). Let r(x) = 3*x**p - 2 - 9*x - 4*x**2 + 15*x. Calculate r(v).
3
Let b(g) be the first derivative of g**3/3 - 6*g**2 + g - 92. Calculate b(12).
1
Let r(c) = -c**3 - 5*c**2 - 6*c. Let y(x) = x. Let u = 19 - 22. Let m be y(u). Let j be (m + 5 + -3)*4. Determine r(j).
8
Let y(j) = j**3 + 4*j**2 - 21*j + 6. Let h be y(3). Let o(v) = 2*v**2 - 11*v - 1. What is o(h)?
5
Let v(k) = k**2 - 11*k - 5. Let g(s) = s**3 - 16*